{"id":42,"date":"2018-09-26T17:50:01","date_gmt":"2018-09-26T15:50:01","guid":{"rendered":"http:\/\/www.krisko.biz\/?page_id=42"},"modified":"2021-06-23T17:46:39","modified_gmt":"2021-06-23T15:46:39","slug":"referencie","status":"publish","type":"page","link":"https:\/\/www.krisko.biz\/?page_id=42","title":{"rendered":"Referencie"},"content":{"rendered":"<p><strong>Svoje slu\u017eby pon\u00fakame v r\u00f4znych segmentoch trhu od\u00a0fyzick\u00fdch os\u00f4b &#8211;\u00a0podnikate\u013eov\u00a0a\u017e po ve\u013ek\u00e9 a zn\u00e1me firmy. Na\u0161imi z\u00e1kazn\u00edkmi s\u00fa aj:<\/strong><\/p>\n<ul>\n<li><span style=\"color: #000000;\">Plzensk\u00fd Prazdroj Slovensko a.s.<\/span><\/li>\n<li><span style=\"color: #000000;\">Slovnaft a.s. termin\u00e1l Kapu\u0161any<\/span><\/li>\n<li><span style=\"color: #000000;\">Farmakol Group Pre\u0161ov<\/span><\/li>\n<li><span style=\"color: #000000;\">N\u00e1rodn\u00e1 dialni\u010dn\u00e1 spolo\u010dnos\u0165 Pre\u0161ov<\/span><\/li>\n<li><span style=\"color: #000000;\">Slovensk\u00e1 autobusov\u00e1 doprava Pre\u0161ov<\/span><\/li>\n<li><span style=\"color: #000000;\">Karmen Pre\u0161ov<\/span><\/li>\n<li><span style=\"color: #000000;\">Pre\u0161ovsk\u00e1 univerzita<\/span><\/li>\n<li><span style=\"color: #000000;\">TATRAN Pre\u0161ov spol.s.r.o.<\/span><\/li>\n<li><span style=\"color: #000000;\">1 day s.r.o.<\/span><\/li>\n<li><span style=\"color: #000000;\">Kingspan Light + Air Production SVK s.r.o.<\/span><\/li>\n<li><span style=\"color: #000000;\">B.K. Pre\u0161ov s.r.o.<\/span><\/li>\n<\/ul>\n<p><img loading=\"lazy\" class=\"alignnone wp-image-346\" src=\"http:\/\/www.krisko.biz\/wp-content\/uploads\/2018\/10\/referencie.jpg\" alt=\"\" width=\"460\" height=\"306\" srcset=\"https:\/\/www.krisko.biz\/wp-content\/uploads\/2018\/10\/referencie.jpg 1100w, https:\/\/www.krisko.biz\/wp-content\/uploads\/2018\/10\/referencie-300x200.jpg 300w, https:\/\/www.krisko.biz\/wp-content\/uploads\/2018\/10\/referencie-768x511.jpg 768w, https:\/\/www.krisko.biz\/wp-content\/uploads\/2018\/10\/referencie-1024x681.jpg 1024w, https:\/\/www.krisko.biz\/wp-content\/uploads\/2018\/10\/referencie-750x500.jpg 750w\" sizes=\"(max-width: 460px) 100vw, 460px\" \/><\/p>\n","protected":false},"excerpt":{"rendered":"<p>Svoje slu\u017eby pon\u00fakame v r\u00f4znych segmentoch trhu od\u00a0fyzick\u00fdch os\u00f4b &#8211;\u00a0podnikate\u013eov\u00a0a\u017e po ve\u013ek\u00e9 a zn\u00e1me firmy. Na\u0161imi z\u00e1kazn\u00edkmi s\u00fa aj: Plzensk\u00fd Prazdroj Slovensko a.s. Slovnaft a.s. termin\u00e1l Kapu\u0161any Farmakol Group Pre\u0161ov N\u00e1rodn\u00e1 dialni\u010dn\u00e1 spolo\u010dnos\u0165 Pre\u0161ov Slovensk\u00e1 autobusov\u00e1 doprava Pre\u0161ov Karmen Pre\u0161ov Pre\u0161ovsk\u00e1 univerzita TATRAN Pre\u0161ov spol.s.r.o. 1 day s.r.o. Kingspan Light + Air Production SVK s.r.o. B.K. Pre\u0161ov s.r.o.<\/p>\n","protected":false},"author":1,"featured_media":0,"parent":0,"menu_order":0,"comment_status":"closed","ping_status":"closed","template":"","meta":[],"_links":{"self":[{"href":"https:\/\/www.krisko.biz\/index.php?rest_route=\/wp\/v2\/pages\/42"}],"collection":[{"href":"https:\/\/www.krisko.biz\/index.php?rest_route=\/wp\/v2\/pages"}],"about":[{"href":"https:\/\/www.krisko.biz\/index.php?rest_route=\/wp\/v2\/types\/page"}],"author":[{"embeddable":true,"href":"https:\/\/www.krisko.biz\/index.php?rest_route=\/wp\/v2\/users\/1"}],"replies":[{"embeddable":true,"href":"https:\/\/www.krisko.biz\/index.php?rest_route=%2Fwp%2Fv2%2Fcomments&post=42"}],"version-history":[{"count":6,"href":"https:\/\/www.krisko.biz\/index.php?rest_route=\/wp\/v2\/pages\/42\/revisions"}],"predecessor-version":[{"id":514,"href":"https:\/\/www.krisko.biz\/index.php?rest_route=\/wp\/v2\/pages\/42\/revisions\/514"}],"wp:attachment":[{"href":"https:\/\/www.krisko.biz\/index.php?rest_route=%2Fwp%2Fv2%2Fmedia&parent=42"}],"curies":[{"name":"wp","href":"https:\/\/api.w.org\/{rel}","templated":true}]}}