{"id":57,"date":"2018-09-26T17:51:17","date_gmt":"2018-09-26T15:51:17","guid":{"rendered":"http:\/\/www.krisko.biz\/?page_id=57"},"modified":"2018-11-19T18:26:07","modified_gmt":"2018-11-19T17:26:07","slug":"poziarne-vodovody","status":"publish","type":"page","link":"https:\/\/www.krisko.biz\/?page_id=57","title":{"rendered":"Po\u017eiarne vodovody"},"content":{"rendered":"<p><strong>Po\u017eiarne vodovody:<\/strong><\/p>\n<p>Na\u0161a spolo\u010dnos\u0165 vykon\u00e1va okrem kontroly hasiacich pr\u00edstrojov aj kontrolu zariaden\u00ed na dod\u00e1vku vody na hasenie po\u017eiarov (po\u017eiarne vodovody &#8211; hydranty) a to podzemn\u00e9, nadzemn\u00e9 aj vn\u00fatorn\u00e9, ktor\u00fdch kontrolu mus\u00ed zabezpe\u010di\u0165 pod\u013ea \u00a715ods.2 vyhl\u00e1\u0161ky MV SR \u010d.699\/2004 Z.z. ka\u017ed\u00e1 pr\u00e1vnicka a fyzick\u00e1 osoba najmenej raz za 12mesiacov.<\/p>\n<p><strong>Pri kontrole po\u017eiarneho vodovodu (hydrantu) sa kontroluje:<br \/>\n<\/strong>\u2022\u00a0funk\u010dnos\u0165 odbern\u00fdch miest, uzatv\u00e1rac\u00edch a prip\u00e1jac\u00edch armat\u00far a uzatv\u00e1rac\u00edch ventilov, had\u00edc a\u00a0hadicov\u00fdch\u00a0 navijakov,<br \/>\n\u2022\u00a0vo\u013en\u00fd pr\u00edstup k zdrojom vody, odbern\u00fdm miestam a hadicov\u00fdm zariadeniam,<br \/>\n\u2022\u00a0vybavenos\u0165 hadicov\u00fdch zariaden\u00ed predp\u00edsanou v\u00fdzbrojou,<br \/>\n\u2022\u00a0prev\u00e1dzkov\u00e9 parametre odbern\u00fdch miest a hadicov\u00fdch zariaden\u00ed,<br \/>\n\u2022\u00a0ozna\u010dovanie vonkaj\u0161\u00edch odbern\u00fdch miest a hadicov\u00fdch zariaden\u00ed,<br \/>\n\u2022\u00a0pohotovos\u0165 \u010derpac\u00edch\u00a0 zariaden\u00ed a ich pr\u00edslu\u0161enstva,<br \/>\nPred\u00a0 uveden\u00edm zariaden\u00ed na dod\u00e1vku vody na hasenie po\u017eiarov do u\u017e\u00edvania sa kontrola po\u017eiarnych vodovodov\u00a0 roz\u0161iruje o:<br \/>\n\u2022\u00a0realiz\u00e1ciu zariaden\u00ed na hasenie po\u017eiarov vodou pod\u013ea schv\u00e1lenej projektovej dokument\u00e1cie stavby,<br \/>\n\u2022\u00a0funk\u010dnos\u0165 v\u0161etk\u00fdch druhov ochrany potrub\u00ed,<\/p>\n<p>&nbsp;<\/p>\n<p style=\"text-align: center;\"><img loading=\"lazy\" src=\"http:\/\/www.krisko.biz\/wp-content\/uploads\/2018\/10\/ph5.jpg\" alt=\"\" width=\"759\" height=\"271\" class=\"alignnone wp-image-336\" srcset=\"https:\/\/www.krisko.biz\/wp-content\/uploads\/2018\/10\/ph5.jpg 1920w, https:\/\/www.krisko.biz\/wp-content\/uploads\/2018\/10\/ph5-300x107.jpg 300w, https:\/\/www.krisko.biz\/wp-content\/uploads\/2018\/10\/ph5-768x274.jpg 768w, https:\/\/www.krisko.biz\/wp-content\/uploads\/2018\/10\/ph5-1024x365.jpg 1024w\" sizes=\"(max-width: 759px) 100vw, 759px\" \/><\/p>\n<p>&nbsp;<\/p>\n<p>Ak sa pri kontrole po\u017eiarneho vodovodu zist\u00ed, \u017ee vybavenos\u0165 po\u017eiarneho vodovodu nie je \u00fapln\u00e1, alebo \u017ee nie je dostato\u010dne ozna\u010den\u00fd (ozna\u010denie hadicov\u00e9ho navij\u00e1ku, n\u00e1vod na obsluhu&#8230;) na\u0161i kontrol\u00f3ri s\u00fa pripraven\u00ed tieto z\u00e1vady odstr\u00e1ni\u0165.<br \/>\nS\u00fa\u010das\u0165ou kontroly po\u017eiarneho vodovodu je aj tlakov\u00e1 sk\u00fa\u0161ka hydrantovej hadice aby sa zistilo, \u010di nie je po\u0161koden\u00e1 a odol\u00e1va sk\u00fa\u0161obn\u00e9mu tlaku. O tlakovej sk\u00fa\u0161ke hadice ako aj o kontrole po\u017eiarneko vodovodu vyhotov\u00edme kontroln\u00fa spr\u00e1vu.<\/p>\n<p>&nbsp;<\/p>\n<p><img loading=\"lazy\" src=\"http:\/\/www.krisko.biz\/wp-content\/uploads\/2018\/11\/vonkajsihydrant.jpg\" alt=\"\" width=\"600\" height=\"400\" class=\" wp-image-366 aligncenter\" srcset=\"https:\/\/www.krisko.biz\/wp-content\/uploads\/2018\/11\/vonkajsihydrant.jpg 960w, https:\/\/www.krisko.biz\/wp-content\/uploads\/2018\/11\/vonkajsihydrant-300x200.jpg 300w, https:\/\/www.krisko.biz\/wp-content\/uploads\/2018\/11\/vonkajsihydrant-768x512.jpg 768w, https:\/\/www.krisko.biz\/wp-content\/uploads\/2018\/11\/vonkajsihydrant-750x500.jpg 750w\" sizes=\"(max-width: 600px) 100vw, 600px\" \/><\/p>\n","protected":false},"excerpt":{"rendered":"<p>Po\u017eiarne vodovody: Na\u0161a spolo\u010dnos\u0165 vykon\u00e1va okrem kontroly hasiacich pr\u00edstrojov aj kontrolu zariaden\u00ed na dod\u00e1vku vody na hasenie po\u017eiarov (po\u017eiarne vodovody &#8211; hydranty) a to podzemn\u00e9, nadzemn\u00e9 aj vn\u00fatorn\u00e9, ktor\u00fdch kontrolu mus\u00ed zabezpe\u010di\u0165 pod\u013ea \u00a715ods.2 vyhl\u00e1\u0161ky MV SR \u010d.699\/2004 Z.z. ka\u017ed\u00e1 pr\u00e1vnicka a fyzick\u00e1 osoba najmenej raz za 12mesiacov. Pri kontrole po\u017eiarneho vodovodu (hydrantu) sa kontroluje: \u2022\u00a0funk\u010dnos\u0165 odbern\u00fdch miest, uzatv\u00e1rac\u00edch a prip\u00e1jac\u00edch armat\u00far a uzatv\u00e1rac\u00edch ventilov, had\u00edc a\u00a0hadicov\u00fdch\u00a0 navijakov, \u2022\u00a0vo\u013en\u00fd pr\u00edstup<\/p>\n<p><a class=\"more-link\" href=\"https:\/\/www.krisko.biz\/?page_id=57\">Read More<\/a><\/p>\n","protected":false},"author":1,"featured_media":0,"parent":0,"menu_order":0,"comment_status":"closed","ping_status":"closed","template":"","meta":[],"_links":{"self":[{"href":"https:\/\/www.krisko.biz\/index.php?rest_route=\/wp\/v2\/pages\/57"}],"collection":[{"href":"https:\/\/www.krisko.biz\/index.php?rest_route=\/wp\/v2\/pages"}],"about":[{"href":"https:\/\/www.krisko.biz\/index.php?rest_route=\/wp\/v2\/types\/page"}],"author":[{"embeddable":true,"href":"https:\/\/www.krisko.biz\/index.php?rest_route=\/wp\/v2\/users\/1"}],"replies":[{"embeddable":true,"href":"https:\/\/www.krisko.biz\/index.php?rest_route=%2Fwp%2Fv2%2Fcomments&post=57"}],"version-history":[{"count":11,"href":"https:\/\/www.krisko.biz\/index.php?rest_route=\/wp\/v2\/pages\/57\/revisions"}],"predecessor-version":[{"id":408,"href":"https:\/\/www.krisko.biz\/index.php?rest_route=\/wp\/v2\/pages\/57\/revisions\/408"}],"wp:attachment":[{"href":"https:\/\/www.krisko.biz\/index.php?rest_route=%2Fwp%2Fv2%2Fmedia&parent=57"}],"curies":[{"name":"wp","href":"https:\/\/api.w.org\/{rel}","templated":true}]}}